{"id":173,"date":"2026-03-13T11:11:33","date_gmt":"2026-03-13T10:11:33","guid":{"rendered":"https:\/\/scr-audio.com\/?page_id=173"},"modified":"2026-03-13T11:20:20","modified_gmt":"2026-03-13T10:20:20","slug":"contact-2","status":"publish","type":"page","link":"https:\/\/scr-audio.com\/index.php\/contact-2\/","title":{"rendered":"Contact"},"content":{"rendered":"<h1>CONTACT<\/h1>\n<form id=\"wpforms-form-59\" data-formid=\"59\" method=\"post\" enctype=\"multipart\/form-data\" action=\"\/wp-admin\/admin-ajax.php\" data-token=\"4b3c1aaa48f046e590f7b9ed797a96b3\" data-token-time=\"1773397016\"><noscript>Veuillez activer JavaScript dans votre navigateur pour remplir ce formulaire.<\/noscript>Veuillez activer JavaScript dans votre navigateur pour remplir ce formulaire.<\/p>\n<fieldset>\n<legend>Nom<\/legend>\n<p><input type=\"text\" id=\"wpforms-59-field_1\" name=\"wpforms[fields][1][first]\" aria-errormessage=\"wpforms-59-field_1-error\" ><label for=\"wpforms-59-field_1\">Pr\u00e9nom<\/label><input type=\"text\" id=\"wpforms-59-field_1-last\" name=\"wpforms[fields][1][last]\" aria-errormessage=\"wpforms-59-field_1-last-error\" ><label for=\"wpforms-59-field_1-last\">Nom<\/label><\/fieldset>\n<p><label for=\"wpforms-59-field_2\">Email<\/label><input type=\"email\" id=\"wpforms-59-field_2\" name=\"wpforms[fields][2]\" spellcheck=\"false\" aria-errormessage=\"wpforms-59-field_2-error\" ><label for=\"wpforms-59-field_3\">Entreprise<\/label><input type=\"text\" id=\"wpforms-59-field_3\" name=\"wpforms[fields][3]\" aria-errormessage=\"wpforms-59-field_3-error\" ><label for=\"wpforms-59-field_4\">Message<\/label><textarea id=\"wpforms-59-field_4\" name=\"wpforms[fields][4]\" aria-errormessage=\"wpforms-59-field_4-error\" ><\/textarea><!-- .wpforms-field-container --><input type=\"hidden\" name=\"wpforms[id]\" value=\"59\">\t\t\t<input\n\t\t\t\ttype=\"hidden\"\n\t\t\t\tname=\"wpforms[nonce]\"\n\t\t\t\tvalue=\"94748c9899\"\n\t\t\t\/><br \/>\n\t\t\t<input type=\"hidden\" name=\"page_title\" value=\"{page_title}\"><input type=\"hidden\" name=\"page_url\" value=\"http:\/\/page_url\"><input type=\"hidden\" name=\"url_referer\" value=\"http:\/\/url_referer\"><button type=\"submit\" name=\"wpforms[submit]\" id=\"wpforms-submit-59\" data-alt-text=\"Envoi...\" data-submit-text=\"Envoyer la demande\" aria-live=\"assertive\" value=\"wpforms-submit\">Envoyer la demande<\/button><\/form>\n<p>  <!-- .wpforms-container -->\t\t\t\t\t\t\t\t\t\t\t\t\t<img fetchpriority=\"high\" decoding=\"async\" width=\"1024\" height=\"507\" src=\"https:\/\/scr-audio.com\/wp-content\/uploads\/2026\/03\/Design-sans-titre-4-1024x507.png\" alt=\"\" srcset=\"https:\/\/scr-audio.com\/wp-content\/uploads\/2026\/03\/Design-sans-titre-4-1024x507.png 1024w, https:\/\/scr-audio.com\/wp-content\/uploads\/2026\/03\/Design-sans-titre-4-300x148.png 300w, https:\/\/scr-audio.com\/wp-content\/uploads\/2026\/03\/Design-sans-titre-4-768x380.png 768w, https:\/\/scr-audio.com\/wp-content\/uploads\/2026\/03\/Design-sans-titre-4-1536x760.png 1536w, https:\/\/scr-audio.com\/wp-content\/uploads\/2026\/03\/Design-sans-titre-4.png 1920w\" sizes=\"(max-width: 1024px) 100vw, 1024px\" \/>\t\t\t\t\t\t\t\t\t\t\t\t\t<\/p>\n<h2>SCR audio<\/h2>\n<h5>ZI La Malterie<br \/>36130 Montierchaume<\/h5>\n<h5>+33 (0)2 54 22 27 24<\/h5>\n<p>\t\t\t<iframe loading=\"lazy\"\n\t\t\t\t\tsrc=\"https:\/\/maps.google.com\/maps?q=ZI%20La%20Malterie%2036130%20Montierchaume&#038;t=m&#038;z=6&#038;output=embed&#038;iwloc=near\"\n\t\t\t\t\ttitle=\"ZI La Malterie 36130 Montierchaume\"\n\t\t\t\t\taria-label=\"ZI La Malterie 36130 Montierchaume\"\n\t\t\t><\/iframe><\/p>\n","protected":false},"excerpt":{"rendered":"<p>CONTACT Veuillez activer JavaScript dans votre navigateur pour remplir ce formulaire.Veuillez activer JavaScript dans votre navigateur pour remplir ce formulaire. [&hellip;]<\/p>\n","protected":false},"author":2,"featured_media":0,"parent":0,"menu_order":0,"comment_status":"closed","ping_status":"closed","template":"","meta":{"site-sidebar-layout":"no-sidebar","site-content-layout":"","ast-site-content-layout":"full-width-container","site-content-style":"default","site-sidebar-style":"default","ast-global-header-display":"","ast-banner-title-visibility":"","ast-main-header-display":"","ast-hfb-above-header-display":"","ast-hfb-below-header-display":"","ast-hfb-mobile-header-display":"","site-post-title":"","ast-breadcrumbs-content":"","ast-featured-img":"disabled","footer-sml-layout":"","ast-disable-related-posts":"","theme-transparent-header-meta":"","adv-header-id-meta":"","stick-header-meta":"","header-above-stick-meta":"","header-main-stick-meta":"","header-below-stick-meta":"","astra-migrate-meta-layouts":"default","ast-page-background-enabled":"default","ast-page-background-meta":{"desktop":{"background-color":"var(--ast-global-color-5)","background-image":"","background-repeat":"repeat","background-position":"center center","background-size":"auto","background-attachment":"scroll","background-type":"","background-media":"","overlay-type":"","overlay-color":"","overlay-opacity":"","overlay-gradient":""},"tablet":{"background-color":"","background-image":"","background-repeat":"repeat","background-position":"center center","background-size":"auto","background-attachment":"scroll","background-type":"","background-media":"","overlay-type":"","overlay-color":"","overlay-opacity":"","overlay-gradient":""},"mobile":{"background-color":"","background-image":"","background-repeat":"repeat","background-position":"center center","background-size":"auto","background-attachment":"scroll","background-type":"","background-media":"","overlay-type":"","overlay-color":"","overlay-opacity":"","overlay-gradient":""}},"ast-content-background-meta":{"desktop":{"background-color":"var(--ast-global-color-4)","background-image":"","background-repeat":"repeat","background-position":"center center","background-size":"auto","background-attachment":"scroll","background-type":"","background-media":"","overlay-type":"","overlay-color":"","overlay-opacity":"","overlay-gradient":""},"tablet":{"background-color":"var(--ast-global-color-4)","background-image":"","background-repeat":"repeat","background-position":"center center","background-size":"auto","background-attachment":"scroll","background-type":"","background-media":"","overlay-type":"","overlay-color":"","overlay-opacity":"","overlay-gradient":""},"mobile":{"background-color":"var(--ast-global-color-4)","background-image":"","background-repeat":"repeat","background-position":"center center","background-size":"auto","background-attachment":"scroll","background-type":"","background-media":"","overlay-type":"","overlay-color":"","overlay-opacity":"","overlay-gradient":""}},"footnotes":""},"class_list":["post-173","page","type-page","status-publish","hentry"],"yoast_head":"<!-- This site is optimized with the Yoast SEO plugin v27.2 - https:\/\/yoast.com\/product\/yoast-seo-wordpress\/ -->\n<title>Contact - SCR AUDIO<\/title>\n<meta name=\"description\" content=\"Contact SCR Audio : soci\u00e9t\u00e9 des condensateurs bas\u00e9 \u00e0 c\u00f4t\u00e9 de Ch\u00e2teauroux en France. Fabricant de condensateurs haut de gamme | CEFEM Group\" \/>\n<meta name=\"robots\" content=\"index, follow, max-snippet:-1, max-image-preview:large, max-video-preview:-1\" \/>\n<link rel=\"canonical\" href=\"https:\/\/scr-audio.com\/index.php\/contact-2\/\" \/>\n<meta property=\"og:locale\" content=\"fr_FR\" \/>\n<meta property=\"og:type\" content=\"article\" \/>\n<meta property=\"og:title\" content=\"Contact - SCR AUDIO\" \/>\n<meta property=\"og:description\" content=\"Contact SCR Audio : soci\u00e9t\u00e9 des condensateurs bas\u00e9 \u00e0 c\u00f4t\u00e9 de Ch\u00e2teauroux en France. Fabricant de condensateurs haut de gamme | CEFEM Group\" \/>\n<meta property=\"og:url\" content=\"https:\/\/scr-audio.com\/index.php\/contact-2\/\" \/>\n<meta property=\"og:site_name\" content=\"SCR AUDIO\" \/>\n<meta property=\"article:modified_time\" content=\"2026-03-13T10:20:20+00:00\" \/>\n<meta property=\"og:image\" content=\"http:\/\/scr-audio.com\/wp-content\/uploads\/2026\/03\/Design-sans-titre-4-1024x507.png\" \/>\n<meta name=\"twitter:card\" content=\"summary_large_image\" \/>\n<meta name=\"twitter:label1\" content=\"Dur\u00e9e de lecture estim\u00e9e\" \/>\n\t<meta name=\"twitter:data1\" content=\"1 minute\" \/>\n<script type=\"application\/ld+json\" class=\"yoast-schema-graph\">{\"@context\":\"https:\/\/schema.org\",\"@graph\":[{\"@type\":\"WebPage\",\"@id\":\"https:\/\/scr-audio.com\/index.php\/contact-2\/\",\"url\":\"https:\/\/scr-audio.com\/index.php\/contact-2\/\",\"name\":\"Contact - SCR AUDIO\",\"isPartOf\":{\"@id\":\"https:\/\/scr-audio.com\/#website\"},\"primaryImageOfPage\":{\"@id\":\"https:\/\/scr-audio.com\/index.php\/contact-2\/#primaryimage\"},\"image\":{\"@id\":\"https:\/\/scr-audio.com\/index.php\/contact-2\/#primaryimage\"},\"thumbnailUrl\":\"http:\/\/scr-audio.com\/wp-content\/uploads\/2026\/03\/Design-sans-titre-4-1024x507.png\",\"datePublished\":\"2026-03-13T10:11:33+00:00\",\"dateModified\":\"2026-03-13T10:20:20+00:00\",\"description\":\"Contact SCR Audio : soci\u00e9t\u00e9 des condensateurs bas\u00e9 \u00e0 c\u00f4t\u00e9 de Ch\u00e2teauroux en France. Fabricant de condensateurs haut de gamme | CEFEM Group\",\"breadcrumb\":{\"@id\":\"https:\/\/scr-audio.com\/index.php\/contact-2\/#breadcrumb\"},\"inLanguage\":\"fr-FR\",\"potentialAction\":[{\"@type\":\"ReadAction\",\"target\":[\"https:\/\/scr-audio.com\/index.php\/contact-2\/\"]}]},{\"@type\":\"ImageObject\",\"inLanguage\":\"fr-FR\",\"@id\":\"https:\/\/scr-audio.com\/index.php\/contact-2\/#primaryimage\",\"url\":\"http:\/\/scr-audio.com\/wp-content\/uploads\/2026\/03\/Design-sans-titre-4-1024x507.png\",\"contentUrl\":\"http:\/\/scr-audio.com\/wp-content\/uploads\/2026\/03\/Design-sans-titre-4-1024x507.png\"},{\"@type\":\"BreadcrumbList\",\"@id\":\"https:\/\/scr-audio.com\/index.php\/contact-2\/#breadcrumb\",\"itemListElement\":[{\"@type\":\"ListItem\",\"position\":1,\"name\":\"Accueil\",\"item\":\"https:\/\/scr-audio.com\/\"},{\"@type\":\"ListItem\",\"position\":2,\"name\":\"Contact\"}]},{\"@type\":\"WebSite\",\"@id\":\"https:\/\/scr-audio.com\/#website\",\"url\":\"https:\/\/scr-audio.com\/\",\"name\":\"SCR AUDIO\",\"description\":\"\",\"publisher\":{\"@id\":\"https:\/\/scr-audio.com\/#organization\"},\"potentialAction\":[{\"@type\":\"SearchAction\",\"target\":{\"@type\":\"EntryPoint\",\"urlTemplate\":\"https:\/\/scr-audio.com\/?s={search_term_string}\"},\"query-input\":{\"@type\":\"PropertyValueSpecification\",\"valueRequired\":true,\"valueName\":\"search_term_string\"}}],\"inLanguage\":\"fr-FR\"},{\"@type\":\"Organization\",\"@id\":\"https:\/\/scr-audio.com\/#organization\",\"name\":\"SCR AUDIO\",\"url\":\"https:\/\/scr-audio.com\/\",\"logo\":{\"@type\":\"ImageObject\",\"inLanguage\":\"fr-FR\",\"@id\":\"https:\/\/scr-audio.com\/#\/schema\/logo\/image\/\",\"url\":\"https:\/\/scr-audio.com\/wp-content\/uploads\/2026\/03\/cropped-AUDIO.png\",\"contentUrl\":\"https:\/\/scr-audio.com\/wp-content\/uploads\/2026\/03\/cropped-AUDIO.png\",\"width\":500,\"height\":167,\"caption\":\"SCR AUDIO\"},\"image\":{\"@id\":\"https:\/\/scr-audio.com\/#\/schema\/logo\/image\/\"}}]}<\/script>\n<!-- \/ Yoast SEO plugin. -->","yoast_head_json":{"title":"Contact - SCR AUDIO","description":"Contact SCR Audio : soci\u00e9t\u00e9 des condensateurs bas\u00e9 \u00e0 c\u00f4t\u00e9 de Ch\u00e2teauroux en France. Fabricant de condensateurs haut de gamme | CEFEM Group","robots":{"index":"index","follow":"follow","max-snippet":"max-snippet:-1","max-image-preview":"max-image-preview:large","max-video-preview":"max-video-preview:-1"},"canonical":"https:\/\/scr-audio.com\/index.php\/contact-2\/","og_locale":"fr_FR","og_type":"article","og_title":"Contact - SCR AUDIO","og_description":"Contact SCR Audio : soci\u00e9t\u00e9 des condensateurs bas\u00e9 \u00e0 c\u00f4t\u00e9 de Ch\u00e2teauroux en France. Fabricant de condensateurs haut de gamme | CEFEM Group","og_url":"https:\/\/scr-audio.com\/index.php\/contact-2\/","og_site_name":"SCR AUDIO","article_modified_time":"2026-03-13T10:20:20+00:00","og_image":[{"url":"http:\/\/scr-audio.com\/wp-content\/uploads\/2026\/03\/Design-sans-titre-4-1024x507.png","type":"","width":"","height":""}],"twitter_card":"summary_large_image","twitter_misc":{"Dur\u00e9e de lecture estim\u00e9e":"1 minute"},"schema":{"@context":"https:\/\/schema.org","@graph":[{"@type":"WebPage","@id":"https:\/\/scr-audio.com\/index.php\/contact-2\/","url":"https:\/\/scr-audio.com\/index.php\/contact-2\/","name":"Contact - SCR AUDIO","isPartOf":{"@id":"https:\/\/scr-audio.com\/#website"},"primaryImageOfPage":{"@id":"https:\/\/scr-audio.com\/index.php\/contact-2\/#primaryimage"},"image":{"@id":"https:\/\/scr-audio.com\/index.php\/contact-2\/#primaryimage"},"thumbnailUrl":"http:\/\/scr-audio.com\/wp-content\/uploads\/2026\/03\/Design-sans-titre-4-1024x507.png","datePublished":"2026-03-13T10:11:33+00:00","dateModified":"2026-03-13T10:20:20+00:00","description":"Contact SCR Audio : soci\u00e9t\u00e9 des condensateurs bas\u00e9 \u00e0 c\u00f4t\u00e9 de Ch\u00e2teauroux en France. Fabricant de condensateurs haut de gamme | CEFEM Group","breadcrumb":{"@id":"https:\/\/scr-audio.com\/index.php\/contact-2\/#breadcrumb"},"inLanguage":"fr-FR","potentialAction":[{"@type":"ReadAction","target":["https:\/\/scr-audio.com\/index.php\/contact-2\/"]}]},{"@type":"ImageObject","inLanguage":"fr-FR","@id":"https:\/\/scr-audio.com\/index.php\/contact-2\/#primaryimage","url":"http:\/\/scr-audio.com\/wp-content\/uploads\/2026\/03\/Design-sans-titre-4-1024x507.png","contentUrl":"http:\/\/scr-audio.com\/wp-content\/uploads\/2026\/03\/Design-sans-titre-4-1024x507.png"},{"@type":"BreadcrumbList","@id":"https:\/\/scr-audio.com\/index.php\/contact-2\/#breadcrumb","itemListElement":[{"@type":"ListItem","position":1,"name":"Accueil","item":"https:\/\/scr-audio.com\/"},{"@type":"ListItem","position":2,"name":"Contact"}]},{"@type":"WebSite","@id":"https:\/\/scr-audio.com\/#website","url":"https:\/\/scr-audio.com\/","name":"SCR AUDIO","description":"","publisher":{"@id":"https:\/\/scr-audio.com\/#organization"},"potentialAction":[{"@type":"SearchAction","target":{"@type":"EntryPoint","urlTemplate":"https:\/\/scr-audio.com\/?s={search_term_string}"},"query-input":{"@type":"PropertyValueSpecification","valueRequired":true,"valueName":"search_term_string"}}],"inLanguage":"fr-FR"},{"@type":"Organization","@id":"https:\/\/scr-audio.com\/#organization","name":"SCR AUDIO","url":"https:\/\/scr-audio.com\/","logo":{"@type":"ImageObject","inLanguage":"fr-FR","@id":"https:\/\/scr-audio.com\/#\/schema\/logo\/image\/","url":"https:\/\/scr-audio.com\/wp-content\/uploads\/2026\/03\/cropped-AUDIO.png","contentUrl":"https:\/\/scr-audio.com\/wp-content\/uploads\/2026\/03\/cropped-AUDIO.png","width":500,"height":167,"caption":"SCR AUDIO"},"image":{"@id":"https:\/\/scr-audio.com\/#\/schema\/logo\/image\/"}}]}},"_links":{"self":[{"href":"https:\/\/scr-audio.com\/index.php\/wp-json\/wp\/v2\/pages\/173","targetHints":{"allow":["GET"]}}],"collection":[{"href":"https:\/\/scr-audio.com\/index.php\/wp-json\/wp\/v2\/pages"}],"about":[{"href":"https:\/\/scr-audio.com\/index.php\/wp-json\/wp\/v2\/types\/page"}],"author":[{"embeddable":true,"href":"https:\/\/scr-audio.com\/index.php\/wp-json\/wp\/v2\/users\/2"}],"replies":[{"embeddable":true,"href":"https:\/\/scr-audio.com\/index.php\/wp-json\/wp\/v2\/comments?post=173"}],"version-history":[{"count":5,"href":"https:\/\/scr-audio.com\/index.php\/wp-json\/wp\/v2\/pages\/173\/revisions"}],"predecessor-version":[{"id":179,"href":"https:\/\/scr-audio.com\/index.php\/wp-json\/wp\/v2\/pages\/173\/revisions\/179"}],"wp:attachment":[{"href":"https:\/\/scr-audio.com\/index.php\/wp-json\/wp\/v2\/media?parent=173"}],"curies":[{"name":"wp","href":"https:\/\/api.w.org\/{rel}","templated":true}]}}